In base 6, what is -3211 + -4?
-3215
In base 4, what is 0 - 332?
-332
In base 11, what is 20 + -4?
17
In base 7, what is 3 - -5?
11
In base 3, what is 2210 + -1001?
1202
In base 14, what is 7b1 + -3?
7ac
In base 9, what is -2 + -117?
-120
In base 10, what is 66 - 1?
65
In base 11, what is -3 + 9?
6
In base 14, what is -a556 + -1?
-a557
In base 8, what is -1 + -461?
-462
In base 4, what is 1311131 + 0?
1311131
In base 13, what is -6 - -79?
73
In base 14, what is 467 - -5?
46c
In base 7, what is -35 + 11?
-24
In base 3, what is 120 - -1112?
2002
In base 12, what is -7 + -441?
-448
In base 4, what is 3032 + 2?
3100
In base 15, what is -25 + -19?
-3e
In base 6, what is 30 + 300?
330
In base 11, what is 190 + -11?
17a
In base 6, what is -24 - -325?
301
In base 14, what is 7 + -16?
-d
In base 12, what is -1 - -43?
42
In base 9, what is -1 + 126?
125
In base 3, what is -12 - -221012?
221000
In base 4, what is 1122 - 21?
1101
In base 6, what is 34 + -31?
3
In base 2, what is 0 - 10001?
-10001
In base 12, what is -5 + 8a7?
8a2
In base 15, what is 507 - c?
4ea
In base 14, what is -20 - -2?
-1c
In base 14, what is -23 + 30?
b
In base 13, what is 3 + 2c24?
2c27
In base 3, what is 1 - 101?
-100
In base 11, what is 161 + 2?
163
In base 4, what is 0 + -113103?
-113103
In base 9, what is 1 - 12?
-11
In base 11, what is 24 + 92?
106
In base 7, what is -51 - 23?
-104
In base 10, what is -69 + -8?
-77
In base 16, what is -1 - 7b?
-7c
In base 6, what is -1031 - 1?
-1032
In base 12, what is -2a1 + 2?
-29b
In base 12, what is 237 - -3?
23a
In base 14, what is 425 - -4?
429
In base 9, what is 30 + -1?
28
In base 14, what is 4 - -14a6?
14aa
In base 10, what is -41 - 14?
-55
In base 3, what is 221 - 1011?
-20
In base 11, what is 6 - 62?
-57
In base 11, what is 118 + -60?
68
In base 15, what is b - -58?
64
In base 15, what is -1be - -1c?
-1a2
In base 11, what is 3 + -993?
-990
In base 2, what is 1101010010 - 0?
1101010010
In base 16, what is 0 - 1a1?
-1a1
In base 16, what is 13 + -11?
2
In base 5, what is 120403 - 3?
120400
In base 15, what is -9 - 31?
-3a
In base 6, what is -5 + 3250?
3241
In base 3, what is -201022 - 0?
-201022
In base 11, what is -4a - -1?
-49
In base 7, what is -210 + 2?
-205
In base 14, what is 4 - -a1?
a5
In base 6, what is -5 - 4422?
-4431
In base 6, what is -441 - 5?
-450
In base 4, what is 210 - -11?
221
In base 11, what is 3426 + 1?
3427
In base 15, what is -1 + a90?
a8e
In base 7, what is -2 + -160?
-162
In base 2, what is -101 - 11001110?
-11010011
In base 14, what is 3 + -21?
-1c
In base 14, what is 1098 - -3?
109b
In base 7, what is -23 - -13?
-10
In base 4, what is -1032 + -31?
-1123
In base 3, what is 12 - 10022111?
-10022022
In base 9, what is 4 - 4353?
-4348
In base 6, what is -524 - 21?
-545
In base 3, what is 21122 - -21?
21220
In base 9, what is 12101 - -2?
12103
In base 10, what is -5 - -23?
18
In base 3, what is -20200201 + 1?
-20200200
In base 14, what is -2b9a - 3?
-2b9d
In base 15, what is a - 7?
3
In base 12, what is -6 - -3?
-3
In base 5, what is -111 - -41?
-20
In base 8, what is -4 - -40?
34
In base 11, what is -17 - -337?
320
In base 7, what is -3 - -5335?
5332
In base 3, what is -202 + 112120?
111211
In base 10, what is 164 + -2?
162
In base 16, what is -1bc7 + -4?
-1bcb
In base 10, what is -133 + -3?
-136
In base 9, what is -1 + -277?
-278
In base 15, what is -d3 + -25?
-108
In base 7, what is -1151 + 6?
-1142
In base 6, what is -3 - 2512?
-2515
In base 12, what is 3 - b?
-8
In base 3, what is 21122 + 11?
21210
In base 10, what is -4355 - 3?
-4358
In base 6, what is 22051 + -4?
22043
In base 15, what is c86 + -1?
c85
In base 14, what is 3 + 166?
169
In base 10, what is 440 - 2?
438
In base 3, what is 10 - 211010?
-211000
In base 15, what is -2cd0 + -2?
-2cd2
In base 12, what is 1 - 77?
-76
In base 13, what is 71 - -28?
99
In base 2, what is -101010000 - 11001?
-101101001
In base 14, what is -2 - -233?
231
In base 4, what is 3 + 230?
233
In base 5, what is 13444 + 10?
14004
In base 4, what is -1003 + 0?
-1003
In base 12, what is 217 - -3?
21a
In base 12, what is 7 - -1b35?
1b40
In base 2, what is -10 + -101000?
-101010
In base 12, what is 5 + 51?
56
In base 13, what is 5 - -b65?
b6a
In base 7, what is -62 - -34?
-25
In base 15, what is -b + 2a?
1e
In base 14, what is -160 + 4?
-15a
In base 9, what is 2206 - -2?
2208
In base 16, what is 1c2 + 4?
1c6
In base 3, what is -2 - 20021?
-20100
In base 9, what is 23 - 260?
-236
In base 15, what is -1704 + 2?
-1702
In base 3, what is -2122 - -222?
-1200
In base 14, what is -419 + -5?
-420
In base 3, what is -10 - 112112?
-112122
In base 5, what is 24 - 1134?
-1110
In base 13, what is 1126 - 8?
111b
In base 16, what is -24 + 12?
-12
In base 15, what is a - -38?
43
In base 11, what is -9 + 99?
90
In base 10, what is 237 + 3?
240
In base 16, what is -8 + -6e?
-76
In base 3, what is 10 - -221?
1001
In base 9, what is 0 + 242?
242
In base 14, what is -12a - 2?
-12c
In base 2, what is 10110001010 - -10?
10110001100
In base 10, what is -1 - 181?
-182
In base 13, what is -1a + -27?
-44
In base 4, what is 0 + -31003?
-31003
In base 8, what is 46 + 37?
105
In base 6, what is -302 - -5?
-253
In base 13, what is -508 - -1?
-507
In base 4, what is -21 - -312?
231
In base 15, what is -7 + 2a?
23
In base 11, what is -87 + -3?
-8a
In base 7, what is -3 + -136?
-142
In base 4, what is -10 + 313?
303
In base 15, what is -16 + -8?
-1e
In base 16, what is b1 + -5?
ac
In base 12, what is 5 - -219?
222
In base 8, what is 2 + -2141?
-2137
In base 4, what is -11 + -32?
-103
In base 4, what is 0 + -13313?
-13313
In base 2, what is 101 + -111001011011?
-111001010110
In base 9, what is 20 - 0?
20
In base 8, what is -5 + -60?
-65
In base 10, what is 5 + 6479?
6484
In base 3, what is 0 - -2200222?
2200222
In base 3, what is -12 - -10121?
10102
In base 6, what is 3143 - 5?
3134
In base 2, what is 11110110 + -100000?
11010110
In base 11, what is 3 + -3?
0
In base 7, what is 3 - -32?
35
In base 11, what is -24 + -1?
-25
In base 16, what is 4b + -c?
3f
In base 3, what is -220202 + 10?
-220122
In base 2, what is -110111001101 + -10?
-110111001111
In base 10, what is 553 - 5?
548
In base 10, what is -4619 - 3?
-4622
In base 4, what is 13230 + 32?
13322
In base 6, what is -1203 - -3?
-1200
In base 15, what is 18 - 4b?
-33
In base 10, what is -189 + 0?
-189
In base 15, what is -9 - 6d?
-77
In base 3, what is 1102 - 202?
200
In base 12, what is -5 + -11?
-16
In base 5, what is -10 - 202?
-212
In base 13, what is -12 - -15?
3
In base 10, what is -11 - 13?
-24
In base 3, what is -2012 - -1?
-2011
In base 11, what is -1668 + -6?
-1673
In base 16, what is -4 - 47e?
-482
In base 8, what is -6 + -11?
-17
In base 4, what is -2 - 303?
-311
In base 2, what is 10 + 1000000?
1000010
In base 6, what is -21 - 2?
-23
In base 3, what is 2222 - 0?
2222
In base 3, what is 121 + 101?
222
In base 14, what is -19b4 - 8?
-19bc
In base 3, what is 20000022 + -1?
20000021
In base 12, what is 0 + 100?
100
In base 2, what is -111 - -1110011?
1101100
In base 13, what is -2 - -21?
1c
In base 2, what is -1000001011110 + -100?
-1000001100010
In base 16, what is -5 - -f2?
ed
In base 10, what is -22 - 22?
-44
In base 7, what is 1 - 136?
-135
In base 7, what is -1 + 154?
153
In base 6, what is -54 - -3?
-51
In base 6, what is 4 + 4142?
4150
In base 13, what is -1 - 119?
-11a
In base 14, what is 9 + 7b?
86
In base 13, what is -4 - 43?
-47
In base 12, what is 43 - 3?
40
In base 8, what is 1124 + -5?
1117
In base 4, what is -11 - -22112?
22101
In base 2, what is -10010111 - -1001?
-10001110
In base 14, what is 66 - -8?
70
In base 7, what is -30 + 2542?
2512
In base 4, what is 21 + -1010?
-323
In base 15, what is 0 + 5cb?
5cb
In base 11, what is -9 - 3?
-11
In base 2, what is -1111 + -1001?
-11000
In base 15, what is -6 - 16a?
-171
In base 9, what is 0 + 1124?
1124
In base 9, what is -1112 + -1?
-1113
In base 8, what is 4 - 26?
-22
In base 9, what is -4 - 6651?
-6655
In base 12, what is 3 - -145?
148
In base 2, what is -10111 + 1?
-10110
In base 11, what is 43 + -2?
41
In base 5, what is 3423 + -1?
3422
In base 15, what is -4 + 58e?
58a
In base 2, what is -110 - 100?
-1010
In base 8, what is -507 - -7?
-500
In base 11, what is 66 - 8a?
-24
In base 1